factor of v and j?
11
Let x be -4*(-1 + (-15)/6). Suppose -38 = 2*l + 2*k - 338, -5*k - 174 = -l. Calculate the greatest common divisor of l and x.
14
Suppose 0 = -4*x + w + 76, -5*w = -4*x + 4 + 56. What is the greatest common factor of 180 and x?
20
Let w = -25 - -43. Calculate the greatest common divisor of 54 and w.
18
Let v = 153 + -102. Let s be v/(-1*(-2)/2). Calculate the highest common factor of s and 17.
17
Let s(a) = 132*a**3 + 2*a**2 - 2*a + 1. Let d be s(1). Let m(g) = -5*g - 1. Let q be m(-4). What is the highest common divisor of d and q?
19
Suppose 3*o - 23 + 5 = 0. Calculate the greatest common divisor of o and 12.
6
Suppose 5*r = 6 + 4. Suppose -42 + 102 = 10*m. What is the greatest common divisor of m and r?
2
Suppose 2*y = 18 - 2. What is the greatest common divisor of 8 and y?
8
Let x(q) = 13*q - 32. Let l be x(3). Calculate the highest common factor of l and 7.
7
Let s = -24 - -29. Calculate the highest common factor of 15 and s.
5
Let p(v) = 5*v + 5. Let o be p(9). Calculate the greatest common divisor of o and 20.
10
Suppose -8 = 4*n + 24. Suppose -2*d + 5*o - 24 = 0, 5*d + 0*o + 60 = 3*o. Let m be 2*1*d/n. What is the greatest common factor of m and 2?
1
Suppose -3*v - 2*v - 10 = -b, -b = -3*v - 8. Suppose -3*j = -3*a - 132, b*j = -4*a - a + 170. What is the highest common divisor of j and 26?
13
Suppose 4*m - 3*m = 0. Suppose 5*p + 426 = 4*r, r - 3*p + 4*p - 102 = m. Calculate the greatest common factor of 13 and r.
13
Let x = 47 - -17. Calculate the highest common factor of x and 8.
8
Let z be 82/4 - (-4)/(-8). Suppose 0 = 5*u - 15, -3*u + 2 = -2*w - 25. Let f be 1618/9 - 2/w. What is the highest common factor of z and f?
20
Let j(c) = 2*c + 11. Let r be j(-10). Let f = r + 10. Calculate the highest common factor of 1 and f.
1
Suppose -4*s + 4 = 0, a + a - 195 = 3*s. What is the greatest common divisor of a and 11?
11
Let s(h) = -2*h + 4. Let l(w) = 1. Let r(t) = -4*l(t) + s(t). Let y be r(1). Let n = 6 + y. Calculate the highest common factor of 4 and n.
4
Suppose 9 + 15 = -4*n. Let i be n/(-10) + (-4)/(-10). Calculate the greatest common divisor of i and 1.
1
Suppose 0 = 3*s + 3*b - 84, -s - 3*b + b + 28 = 0. Let o = 189 + -185. What is the highest common divisor of o and s?
4
Suppose 5 = l - 3. Suppose v - 3*v + l = 0. Calculate the greatest common factor of 28 and v.
4
Let o = 82 + -80. Calculate the highest common divisor of 3 and o.
1
Let d(g) = 85*g - 2. Let m be d(2). Suppose -p = -t + 42, -3*t - t + m = 4*p. Let h be 13 + ((-9)/3)/(-3). What is the greatest common divisor of t and h?
14
Let s(h) = h - 8. Let r be s(9). Let t be ((60*r)/2)/2. Calculate the highest common divisor of 6 and t.
3
Let j(h) = -h**2 + h - 1. Let q(r) = -r**2 + 8*r - 6. Let w(m) = -2*j(m) - q(m). Let p be w(6). Let f = 48 + p. What is the greatest common factor of f and 13?
13
Suppose o = 45 + 27. Let u(x) = 12*x**2 + 9*x + 24. Let j be u(-4). Calculate the highest common divisor of o and j.
36
Suppose -4 = 4*m, 0 = -0*q - 4*q + m - 843. Let p = 297 + q. Suppose 5*r - 226 = -p. What is the highest common divisor of r and 14?
14
Let q = 18 - 0. Suppose -3*w + 18 + q = 0. Calculate the greatest common divisor of w and 12.
12
Let c be (15/(-3))/(-1) - 3. Suppose -4 = -c*z - 0. Suppose -13 = -5*o - 2*s, s + 3*s - 11 = 5*o. What is the greatest common divisor of o and z?
1
Suppose 36 = 2*u - 7*m + 3*m, -3*u + 3*m = -69. What is the greatest common divisor of u and 140?
28
Let z = 34 + -21. Suppose z + 77 = 3*y. What is the greatest common factor of 12 and y?
6
Suppose 2*a - 60 = -a. What is the greatest common divisor of a and 5?
5
Let n = -6 - -11. Suppose -s - 5 + 17 = 5*k, -n*s = -2*k - 87. What is the greatest common factor of 17 and s?
17
Suppose -3*l + 5*w + 74 = 0, 3*w = 5*l - 178 + 44. Calculate the highest common factor of 252 and l.
28
Suppose 0 = u - 0 - 2. Suppose 40 = u*t + 16. Let a be 0*1/(-3) + 3. What is the greatest common divisor of t and a?
3
Suppose -k + 3*i + 424 = 67, 9 = -3*i. Let n be k/7 + 4/14. Suppose -3*p - 5*h = -45, 0 = 5*p + 2*h - 6*h - 38. What is the highest common divisor of p and n?
10
Let d(b) = -b**3 - 3*b**2 + 3*b. Let p be d(-4). Let i(y) = -4*y + 0 + 2*y**2 + 1 - p. Let t be i(6). What is the greatest common factor of t and 15?
15
Suppose 0 = -7*a + 3*a + 8, 4*a + 856 = 3*j. Let q(y) = 32*y. Let n be q(1). Calculate the highest common divisor of n and j.
32
Let h(u) = -u**3 - 7*u**2 - 7*u - 9. Let x be h(-6). Let o = x + -1. Let w be (1 + 2)/((-6)/o). What is the highest common factor of 18 and w?
2
Let g = 40 + 2. Let z be ((-14)/(-4))/(4/32). Calculate the greatest common factor of g and z.
14
Let v(q) = -7*q. Let l(x) = -7*x - 1. Let n(s) = -4*l(s) + 5*v(s). Let z be n(-4). What is the highest common factor of z and 4?
4
Let o = 14 - 8. Let v be o/(-9) + (-22)/(-6). Suppose 4*x = 2*x + 3*k - 6, -3*x - 11 = -5*k. What is the greatest common factor of x and v?
3
Suppose -67 + 4 = -7*b. Suppose -2*l + 3*g = 14, -4*g - 7 = l - 22. Let d be l/4 - (-975)/12. Calculate the greatest common factor of b and d.
9
Suppose -6*f - 176 = -10*f. What is the greatest common factor of f and 11?
11
Let b(i) = 3*i + i - 3*i + 6. Suppose d = -4*d + 30. Let w be b(d). What is the highest common factor of 36 and w?
12
Let o be 15/1 + -2*1. Let c = o - 8. Suppose -4*q - r + 237 = 52, -125 = -3*q + 2*r. Calculate the highest common divisor of q and c.
5
Suppose 2 + 16 = 2*r + 3*t, 28 = 3*r + 5*t. Suppose -3*s = -i + 17, -4*i + 32 = -r*s + 3*s. Calculate the greatest common factor of 25 and i.
5
Let o be (0 + 1/(-2))*-38. Suppose -u - 5*d + 2 = 0, 3*u + d - 15 = o. Calculate the highest common factor of 4 and u.
4
Let a(q) = -3*q**2 + 0*q + 4*q + 4*q**2 + q. Let u be a(-9). Calculate the highest common divisor of 18 and u.
18
Let m(k) = -4*k + 128. Let d be m(0). What is the greatest common factor of 16 and d?
16
Suppose 5*p = -4*k + 2 + 118, 110 = 5*p + 2*k. Let b be 44 + ((-20)/4 - -1). Calculate the greatest common factor of b and p.
20
Suppose -4*m + m - 99 = -3*a, -5*a + 4*m + 160 = 0. Suppose 3*q = 2*l - a, 4*l = l + 2*q + 42. What is the highest common divisor of 70 and l?
14
Let s be (30/(-8))/((-1)/8). Let l(i) = -i**3 - 13*i**2 - 3*i + 14. Let v be l(-14). Let p = -177 + v. What is the greatest common divisor of p and s?
15
Suppose -4*v - 3*a + 23 = 0, 8 - 19 = 2*v - 3*a. Suppose -3 = -d - h, 6 = 5*d + v*h - 6. Let r = 46 - 41. Calculate the greatest common divisor of r and d.
1
Let l(h) = 50*h - 2. Let b be l(1). Suppose 0 = 5*j - j - b. Suppose -7 = -p + 1. What is the greatest common divisor of p and j?
4
Let y(i) = i**3 + 2*i**2 - 9*i + 6. Let c be y(6). Suppose 0*p - c = -5*p. What is the greatest common divisor of p and 72?
24
Let m = 0 - 10. Let s be (12/m)/(3/(-10)). Let w be 5/2*s/10. Calculate the highest common factor of 8 and w.
1
Suppose 5*l - 2 - 3 = 0. Let v = l + 0. Suppose -4*o = 2*f - 14, 10*o + 1 = f + 9*o. What is the greatest common divisor of f and v?
1
Suppose -2*r - 6 = r. Let q be (r/(-4))/(1/220). Let y(f) = f**2 - 7*f + 10. Let n be y(7). Calculate the greatest common divisor of q and n.
10
Suppose 30 = 2*c + 4*f, 5*f + 11 = c + 3*f. Calculate the highest common divisor of 91 and c.
13
Suppose -3*p - 30 - 72 = 0. Let u = 66 + p. What is the greatest common divisor of 48 and u?
16
Suppose f + 25 = 27. What is the highest common divisor of f and 18?
2
Let g(v) = -2*v**2 - v - 2. Let z be g(-2). Let p be (-1 - z)*(1 - -10). Suppose 3*h + 29 - 62 = 0. Calculate the highest common factor of p and h.
11
Let r be 2*(-1)/(-2)*6. Let p = 211 + -209. What is the greatest common divisor of r and p?
2
Let l be ((-12)/(-10))/(6/60). What is the greatest common factor of 48 and l?
12
Let r(t) = 2*t**2 - 3*t + 11. Let h be r(3). Calculate the greatest common factor of h and 8.
4
Let n = 7 - 5. Let k be 65*n - (-4 + 2). Suppose 4*i = 4*j - 16 - 16, -i = 2*j - 28. What is the highest common factor of j and k?
12
Suppose 3 = c + 2*g, 0 - 3 = c - g. Let y be c/(-3) + 715/15. Calculate the highest common divisor of y and 6.
6
Let x = 130 + -94. What is the greatest common divisor of x and 144?
36
Let u be ((-6)/5)/((-4)/180). Suppose 5*h = -6 - 4. Let p = h - -8. What is the greatest common divisor 